3, 307, 18917
What are the prime factors of 892480416?
2, 3, 17, 546863
What are the prime factors of 779447156?
2, 1811, 107599
List the prime factors of 51724392.
2, 3, 2155183
List the prime factors of 187873844.
2, 23, 2042107
List the prime factors of 572365505.
5, 127, 563, 1601
What are the prime factors of 398282593?
2801, 142193
What are the prime factors of 14569383?
3, 4856461
List the prime factors of 49728801.
3, 16576267
List the prime factors of 63830030.
2, 5, 11, 41, 14153
What are the prime factors of 63779316?
2, 3, 139, 38237
List the prime factors of 4232775213.
3, 1723, 272959
What are the prime factors of 912407699?
7, 347, 375631
List the prime factors of 351003061.
351003061
What are the prime factors of 8736392?
2, 7, 156007
What are the prime factors of 31066350?
2, 3, 5, 7, 29587
What are the prime factors of 57462677?
57462677
List the prime factors of 94381383.
3, 107, 294023
List the prime factors of 5076963855.
3, 5, 1301, 86719
List the prime factors of 113046034.
2, 56523017
What are the prime factors of 2351150759?
2351150759
List the prime factors of 14414747.
103, 349, 401
What are the prime factors of 1205415384?
2, 3, 4003, 12547
List the prime factors of 102725954.
2, 51362977
What are the prime factors of 66770525?
5, 67, 39863
What are the prime factors of 129843553?
7, 157, 118147
List the prime factors of 715887236.
2, 23, 338321
List the prime factors of 344975556.
2, 3, 83, 346361
List the prime factors of 297622153.
547, 544099
List the prime factors of 586565944.
2, 73320743
What are the prime factors of 17526250?
2, 5, 7, 2003
List the prime factors of 53587048.
2, 6698381
List the prime factors of 51308796.
2, 3, 7, 11, 55529
List the prime factors of 3464883162.
2, 3, 13, 23, 53, 4049
List the prime factors of 96357568.
2, 1505587
List the prime factors of 435950151.
3, 7, 13, 463, 3449
What are the prime factors of 850046026?
2, 313, 1357901
What are the prime factors of 2357719760?
2, 5, 11, 41, 101, 647
List the prime factors of 165025264.
2, 421, 24499
List the prime factors of 912108877.
31, 29422867
What are the prime factors of 12356474?
2, 13, 23, 20663
What are the prime factors of 100897477?
61, 1654057
List the prime factors of 15368431.
13, 37, 89, 359
List the prime factors of 3604238719.
3541, 1017859
What are the prime factors of 383680629?
3, 42631181
List the prime factors of 57288166.
2, 13, 29, 75979
List the prime factors of 4009689099.
3, 13, 1307, 2017
List the prime factors of 3278478675.
3, 5, 353, 123833
What are the prime factors of 95838295?
5, 7, 107, 157, 163
List the prime factors of 21398312.
2, 13, 61, 3373
What are the prime factors of 28991504?
2, 251, 7219
List the prime factors of 95776873.
95776873
List the prime factors of 52210084.
2, 43, 303547
List the prime factors of 45319505.
5, 7, 11, 53, 2221
List the prime factors of 10997706.
2, 3, 647, 2833
List the prime factors of 3326685293.
23, 144638491
List the prime factors of 182490136.
2, 19, 641, 1873
List the prime factors of 87820665.
3, 5, 5854711
List the prime factors of 85372178.
2, 113, 503, 751
What are the prime factors of 15170972?
2, 3792743
List the prime factors of 1830775048.
2, 228846881
What are the prime factors of 8347748?
2, 17, 122761
List the prime factors of 237251969.
23, 10315303
List the prime factors of 65490949.
677, 96737
What are the prime factors of 378372770?
2, 5, 23, 1645099
List the prime factors of 127882875.
3, 5, 23, 14827
List the prime factors of 77368276.
2, 107, 163, 1109
List the prime factors of 1714611939.
3, 571537313
What are the prime factors of 2583261094?
2, 47, 3187, 8623
What are the prime factors of 81062984?
2, 10132873
List the prime factors of 437377889.
13, 53, 739, 859
What are the prime factors of 2914006?
2, 109, 13367
What are the prime factors of 703101742?
2, 7, 17, 173777
List the prime factors of 45317389.
13, 107, 32579
What are the prime factors of 842577835?
5, 11, 53, 289049
What are the prime factors of 153230216?
2, 103, 185959
What are the prime factors of 819221094?
2, 3, 61, 248701
List the prime factors of 398694912.
2, 3, 7, 11, 3371
What are the prime factors of 125577426?
2, 3, 13, 509, 3163
What are the prime factors of 438063347?
11113, 39419
List the prime factors of 134556805.
5, 173, 155557
List the prime factors of 695115843.
3, 149, 677, 2297
List the prime factors of 56891603.
31, 83, 22111
What are the prime factors of 213043741?
107, 1991063
List the prime factors of 1202828751.
3, 44549213
What are the prime factors of 213792643?
3733, 57271
List the prime factors of 1701436.
2, 11, 38669
What are the prime factors of 2572268797?
7, 1307, 281153
What are the prime factors of 3840274959?
3, 17, 83, 907223
What are the prime factors of 6766983649?
283, 23911603
List the prime factors of 177094428.
2, 3, 7, 301181
What are the prime factors of 8773719?
3, 2924573
What are the prime factors of 57620345?
5, 11524069
List the prime factors of 431873086.
2, 215936543
List the prime factors of 48673659.
3, 16224553
What are the prime factors of 2813331821?
4597, 611993
What are the prime factors of 502107202?
2, 227, 1105963
What are the prime factors of 148443375?
3, 5, 395849
List the prime factors of 310551647.
7, 523, 84827
List the prime factors of 40813145.
5, 8162629
List the prime factors of 930862094.
2, 465431047
List the prime factors of 30649642.
2, 89, 409, 421
List the prime factors of 916498805.
5, 183299761
List the prime factors of 1766795944.
2, 41, 5386573
List the prime factors of 612706190.
2, 5, 61270619
List the prime factors of 700787868.
2, 3, 11, 19, 279421
What are the prime factors of 64504394?
2, 37, 871681
List the prime factors of 53354006.
2, 773, 34511
What are the prime factors of 69873211?
113, 618347
List the prime factors of 126830313.
3, 79, 97, 613
List the prime factors of 639940210.
2, 5, 7, 13, 703231
List the prime factors of 53356829.
17, 3138637
List the prime factors of 6987506.
2, 3493753
List the prime factors of 58209373.
58209373
What are the prime factors of 1729520947?
7, 11, 22461311
List the prime factors of 8499460.
2, 5, 19, 22367
What are the prime factors of 800316023?
13, 41, 107, 14033
What are the prime factors of 236787974?
2, 47, 2519021
What are the prime factors of 947141226?
2, 3, 239, 220163
What are the prime factors of 63188663?
4937, 12799
List the prime factors of 48239333.
6469, 7457
What are the prime factors of 138317924?
2, 34579481
What are the prime factors of 5367495322?
2, 7, 467, 820969
List the prime factors of 555810671.
13, 631, 67757
List the prime factors of 993541750.
2, 5, 3974167
What are the prime factors of 592231682?
2, 7, 313, 135151
List the prime factors of 95786926.
2, 3559, 13457
What are the prime factors of 307429810?
2, 5, 30742981
List the prime factors of 3470342897.
7, 983, 504337
List the prime factors of 94730493.
3, 11, 13, 439, 503
List the prime factors of 22372317.
3, 11, 225983
What are the prime factors of 284614794?
2, 3, 19, 67, 12421
List the prime factors of 2886179958.
2, 3, 211, 253307
List the prime factors of 69664822.
2, 41, 849571
What are the prime factors of 1848333682?
2, 13, 23, 157, 19687
What are the prime factors of 410202812?
2, 7759, 13217
List the prime factors of 59465930.
2, 5, 5946593
What are the prime factors of 63740548?
2, 17, 929, 1009
What are the prime factors of 3796334578?
2, 1201, 1580489
What are the prime factors of 5808358?
2, 2904179
What are the prime factors of 80621906?
2, 40310953
List the prime factors of 85449904.
2, 41, 130259
What are the prime factors of 1064457465?
3, 5, 17, 4174343
What are the prime factors of 830787021?
3, 197, 468577
What are the prime factors of 1580521275?
3, 5, 83, 28211
List the prime factors of 439618770.
2, 3, 5, 19, 317, 811
What are the prime factors of 124427941?
11, 19, 47, 53, 239
What are the prime factors of 250229658?
2, 3, 7, 19, 313571
List the prime factors of 5012357484.
2, 3, 1523, 274259
List the prime factors of 192942199.
181, 1065979
List the prime factors of 401988037.
11, 43, 849869
What are the prime factors of 71053872?
2, 3, 1033, 1433
List the prime factors of 814305862.
2, 83, 433, 11329
List the prime factors of 9